53
What are the prime factors of 3743?
19, 197
What are the prime factors of 6177?
3, 29, 71
List the prime factors of 36400.
2, 5, 7, 13
List the prime factors of 4070.
2, 5, 11, 37
List the prime factors of 2208.
2, 3, 23
What are the prime factors of 1330?
2, 5, 7, 19
List the prime factors of 4576.
2, 11, 13
What are the prime factors of 1981?
7, 283
What are the prime factors of 13486?
2, 11, 613
List the prime factors of 59797.
59797
What are the prime factors of 4921?
7, 19, 37
What are the prime factors of 38539?
17, 2267
List the prime factors of 3746.
2, 1873
List the prime factors of 16711.
17, 983
List the prime factors of 1745.
5, 349
List the prime factors of 1913.
1913
What are the prime factors of 1771?
7, 11, 23
List the prime factors of 3124.
2, 11, 71
What are the prime factors of 44968?
2, 7, 11, 73
What are the prime factors of 2152?
2, 269
List the prime factors of 537.
3, 179
What are the prime factors of 4183?
47, 89
What are the prime factors of 115874?
2, 11, 23, 229
List the prime factors of 1675.
5, 67
List the prime factors of 46205.
5, 9241
List the prime factors of 7262.
2, 3631
What are the prime factors of 4864?
2, 19
What are the prime factors of 89396?
2, 22349
What are the prime factors of 19480?
2, 5, 487
List the prime factors of 5774.
2, 2887
What are the prime factors of 25559?
61, 419
What are the prime factors of 933?
3, 311
List the prime factors of 153275.
5, 6131
What are the prime factors of 49?
7
List the prime factors of 32460.
2, 3, 5, 541
What are the prime factors of 37783?
37783
What are the prime factors of 87808?
2, 7
List the prime factors of 727.
727
What are the prime factors of 1806?
2, 3, 7, 43
What are the prime factors of 25170?
2, 3, 5, 839
List the prime factors of 6492.
2, 3, 541
List the prime factors of 73.
73
What are the prime factors of 9607?
13, 739
List the prime factors of 1484.
2, 7, 53
What are the prime factors of 8394?
2, 3, 1399
List the prime factors of 9378.
2, 3, 521
List the prime factors of 2094.
2, 3, 349
List the prime factors of 2563.
11, 233
List the prime factors of 619.
619
What are the prime factors of 44658?
2, 3, 827
List the prime factors of 90530.
2, 5, 11, 823
List the prime factors of 5746.
2, 13, 17
What are the prime factors of 10618?
2, 5309
List the prime factors of 3043.
17, 179
List the prime factors of 13243.
17, 19, 41
List the prime factors of 87435.
3, 5, 29, 67
What are the prime factors of 10489?
17, 617
What are the prime factors of 9599?
29, 331
What are the prime factors of 9376?
2, 293
List the prime factors of 22537.
31, 727
What are the prime factors of 1530?
2, 3, 5, 17
What are the prime factors of 6706?
2, 7, 479
List the prime factors of 605.
5, 11
What are the prime factors of 12980?
2, 5, 11, 59
What are the prime factors of 736?
2, 23
List the prime factors of 13732.
2, 3433
List the prime factors of 1955.
5, 17, 23
List the prime factors of 21497.
7, 37, 83
What are the prime factors of 108916?
2, 73, 373
List the prime factors of 1049.
1049
What are the prime factors of 590?
2, 5, 59
List the prime factors of 58524.
2, 3, 4877
List the prime factors of 19502.
2, 7, 199
What are the prime factors of 1609?
1609
What are the prime factors of 2341?
2341
List the prime factors of 1827.
3, 7, 29
What are the prime factors of 1829?
31, 59
List the prime factors of 1154.
2, 577
List the prime factors of 424.
2, 53
What are the prime factors of 800?
2, 5
List the prime factors of 2440.
2, 5, 61
List the prime factors of 63.
3, 7
List the prime factors of 1696.
2, 53
List the prime factors of 3214.
2, 1607
List the prime factors of 161418.
2, 3, 26903
What are the prime factors of 3850?
2, 5, 7, 11
List the prime factors of 32723.
43, 761
List the prime factors of 14342.
2, 71, 101
List the prime factors of 133680.
2, 3, 5, 557
List the prime factors of 14964.
2, 3, 29, 43
List the prime factors of 1451.
1451
What are the prime factors of 5405?
5, 23, 47
What are the prime factors of 2705?
5, 541
List the prime factors of 66294.
2, 3, 29, 127
List the prime factors of 1128.
2, 3, 47
List the prime factors of 20573.
7, 2939
What are the prime factors of 12696?
2, 3, 23
List the prime factors of 34024.
2, 4253
What are the prime factors of 9366?
2, 3, 7, 223
List the prime factors of 7476.
2, 3, 7, 89
What are the prime factors of 1845?
3, 5, 41
List the prime factors of 31887.
3, 1181
What are the prime factors of 250?
2, 5
What are the prime factors of 9791?
9791
List the prime factors of 413.
7, 59
List the prime factors of 305.
5, 61
What are the prime factors of 109269?
3, 19, 71
What are the prime factors of 959?
7, 137
List the prime factors of 119674.
2, 53, 1129
List the prime factors of 18304.
2, 11, 13
What are the prime factors of 1510?
2, 5, 151
What are the prime factors of 986?
2, 17, 29
What are the prime factors of 172?
2, 43
List the prime factors of 7029.
3, 11, 71
List the prime factors of 2605.
5, 521
What are the prime factors of 16421?
16421
What are the prime factors of 2407?
29, 83
What are the prime factors of 66922?
2, 33461
What are the prime factors of 6430?
2, 5, 643
List the prime factors of 25000.
2, 5
List the prime factors of 7129.
7129
What are the prime factors of 6376?
2, 797
What are the prime factors of 28688?
2, 11, 163
What are the prime factors of 96?
2, 3
What are the prime factors of 1337?
7, 191
List the prime factors of 3741.
3, 29, 43
List the prime factors of 11611.
17, 683
What are the prime factors of 28581?
3, 7, 1361
List the prime factors of 134635.
5, 26927
What are the prime factors of 961?
31
List the prime factors of 3942.
2, 3, 73
What are the prime factors of 3520?
2, 5, 11
List the prime factors of 10894.
2, 13, 419
List the prime factors of 162983.
349, 467
List the prime factors of 84757.
131, 647
What are the prime factors of 53011?
7, 7573
What are the prime factors of 526?
2, 263
List the prime factors of 4382.
2, 7, 313
List the prime factors of 9149.
7, 1307
What are the prime factors of 9072?
2, 3, 7
What are the prime factors of 281?
281
What are the prime factors of 2282?
2, 7, 163
What are the prime factors of 24564?
2, 3, 23, 89
List the prime factors of 25392.
2, 3, 23
List the prime factors of 4775.
5, 191
What are the prime factors of 811?
811
What are the prime factors of 1970?
2, 5, 197
What are the prime factors of 18411?
3, 17, 19
List the prime factors of 2362.
2, 1181
What are the prime factors of 5125?
5, 41
List the prime factors of 1801.
1801
List the prime factors of 88469.
88469
What are the prime factors of 67079?
67079
What are the prime factors of 86546?
2, 109, 397
What are the prime factors of 113510?
2, 5, 11351
What are the prime factors of 22891?
11, 2081
What are the prime factors of 838?
2, 419
List the prime factors of 6004.
2, 19, 79
List the prime factors of 2803.
2803
What are the prime factors of 1766?
2, 883
What are the prime factors of 4865?
5, 7, 139
What are the prime factors of 1919?
19, 101
What are the prime factors of 18103?
43, 421
List the prime factors of 28270.
2, 5, 11, 257
What are the prime factors of 1100?
2, 5, 11
What are the prime factors of 167?
167
List the prime factors of 1687.
7, 241
List the prime factors of 22177.
67, 331
List the prime factors of 20370.
2, 3, 5, 7, 97
What are the prime factors of 1370?
2, 5, 137
List the prime factors of 30968.
2, 7, 79
List the prime factors of 81136.
2, 11, 461
What are the prime factors of 181?
181
What are the prime factors of 12880?
2, 5, 7, 23
List the prime factors of 1118.
2, 13, 43
List the prime factors of 210.
2, 3, 5, 7
List the prime factors of 1118.
2, 13, 43
What are the prime factors of 2627?
37, 71
List the prime factors of 4961.
11, 41
What are the prime factors of 1038?
2, 3, 173
What are the prime factors of 892?
2, 223
List the prime factors of 39084.
2, 3, 3257
What are the prime factors of 28020?
2, 3, 5, 467
What are the prime factors of 1242?
2, 3, 23
What are the prime factors of 12599?
43, 293
What are the prime factors of 38776?
2, 37, 131
List the prime factors of 33209.
11, 3019
List the prime factors of 22388.
2, 29, 193
List the prime factors of 881.
881
What are the prime factors of 2638?
2, 1319
List the prime factors of 478.
2, 239
Lis